
What is the remainder when 89269 is divided by 87?
7
Calculate the remainder when 28842 is divided by 365.
7
Calculate the remainder when 652384 is divided by 217461.
1
What is the remainder when 3289 is divided by 2242?
1047
Calculate the remainder when 4384 is divided by 343.
268
Calculate the remainder when 80400 is divided by 1675.
0
What is the remainder when 851241 is divided by 681?
672
What is the remainder when 880 is divided by 394?
92
Calculate the remainder when 166152 is divided by 54.
48
Calculate the remainder when 15265 is divided by 2179.
12
What is the remainder when 7137 is divided by 79?
27
Calculate the remainder when 24892 is divided by 39.
10
Calculate the remainder when 197368 is divided by 371.
367
Calculate the remainder when 11455 is divided by 3811.
22
Calculate the remainder when 141576 is divided by 6155.
11
What is the remainder when 15302 is divided by 357?
308
What is the remainder when 36746 is divided by 1021?
1011
Calculate the remainder when 1381 is divided by 9.
4
Calculate the remainder when 548225 is divided by 979.
964
What is the remainder when 17268 is divided by 112?
20
What is the remainder when 2121117 is divided by 27?
24
Calculate the remainder when 16488 is divided by 2742.
36
Calculate the remainder when 19208 is divided by 3189.
74
Calculate the remainder when 132055 is divided by 2401.
0
What is the remainder when 889572 is divided by 5?
2
Calculate the remainder when 5299 is divided by 34.
29
Calculate the remainder when 927 is divided by 83.
14
Calculate the remainder when 3509 is divided by 1166.
11
Calculate the remainder when 12045 is divided by 2005.
15
Calculate the remainder when 1614261 is divided by 17.
9
Calculate the remainder when 2043 is divided by 600.
243
Calculate the remainder when 46470 is divided by 121.
6
Calculate the remainder when 24267 is divided by 16.
11
What is the remainder when 59669 is divided by 327?
155
Calculate the remainder when 7977 is divided by 104.
73
Calculate the remainder when 496737 is divided by 36.
9
What is the remainder when 9118 is divided by 1514?
34
Calculate the remainder when 20427 is divided by 49.
43
Calculate the remainder when 954 is divided by 158.
6
Calculate the remainder when 83527 is divided by 38.
3
Calculate the remainder when 31872 is divided by 33.
27
Calculate the remainder when 11986 is divided by 5826.
334
Calculate the remainder when 1027 is divided by 271.
214
Calculate the remainder when 612 is divided by 54.
18
Calculate the remainder when 58144 is divided by 755.
9
What is the remainder when 117760 is divided by 24?
16
Calculate the remainder when 34119 is divided by 28.
15
What is the remainder when 9480 is divided by 3129?
93
Calculate the remainder when 47390 is divided by 83.
80
Calculate the remainder when 2078815 is divided by 334.
333
Calculate the remainder when 131418 is divided by 46.
42
What is the remainder when 532133 is divided by 333?
332
Calculate the remainder when 383 is divided by 73.
18
What is the remainder when 12993 is divided by 73?
72
What is the remainder when 406214 is divided by 45?
44
What is the remainder when 2465 is divided by 1227?
11
Calculate the remainder when 502 is divided by 42.
40
Calculate the remainder when 40777 is divided by 14.
9
Calculate the remainder when 27899 is divided by 75.
74
What is the remainder when 3583 is divided by 3155?
428
Calculate the remainder when 24151 is divided by 249.
247
Calculate the remainder when 9725 is divided by 1944.
5
What is the remainder when 27444 is divided by 227?
204
What is the remainder when 69570 is divided by 1581?
6
Calculate the remainder when 1500 is divided by 558.
384
What is the remainder when 16757 is divided by 222?
107
What is the remainder when 669 is divided by 177?
138
What is the remainder when 12722 is divided by 232?
194
What is the remainder when 16336 is divided by 62?
30
Calculate the remainder when 3711 is divided by 464.
463
Calculate the remainder when 2220027 is divided by 18.
15
Calculate the remainder when 1301917 is divided by 317.
315
What is the remainder when 2156 is divided by 114?
104
What is the remainder when 214665 is divided by 6133?
10
What is the remainder when 36769 is divided by 310?
189
Calculate the remainder when 52729 is divided by 293.
282
What is the remainder when 21027 is divided by 5256?
3
What is the remainder when 4192 is divided by 285?
202
Calculate the remainder when 37600 is divided by 9219.
724
Calculate the remainder when 20904 is divided by 29.
24
Calculate the remainder when 2006661 is divided by 1382.
1379
What is the remainder when 3546 is divided by 14?
4
What is the remainder when 2420520 is divided by 19?
15
What is the remainder when 7646 is divided by 34?
30
What is the remainder when 288609 is divided by 70?
69
What is the remainder when 2399 is divided by 6?
5
What is the remainder when 875 is divided by 226?
197
Calculate the remainder when 200877 is divided by 648.
645
Calculate the remainder when 30146 is divided by 343.
305
Calculate the remainder when 71840 is divided by 71820.
20
Calculate the remainder when 7135 is divided by 2199.
538
Calculate the remainder when 4502 is divided by 1454.
140
What is the remainder when 181254 is divided by 220?
194
What is the remainder when 4551 is divided by 382?
349
Calculate the remainder when 13676 is divided by 76.
72
Calculate the remainder when 69954 is divided by 7.
3
Calculate the remainder when 44686 is divided by 971.
20
What is the remainder when 1301 is divided by 448?
405
What is the remainder when 26660 is divided by 965?
605
Calculate the remainder when 2780 is divided by 676.
76
Calculate the remainder when 194450 is divided by 281.
279
What is the remainder when 492 is divided by 72?
60
What is the remainder when 1158030 is divided by 19?
18
What is the remainder when 7885 is divided by 537?
367
Calculate the remainder when 119159 is divided by 740.
19
Calculate the remainder when 30748 is divided by 25.
23
What is the remainder when 1828 is divided by 397?
240
What is the remainder when 130865 is divided by 2974?
9
What is the remainder when 6372 is divided by 380?
292
What is the remainder when 430015 is divided by 7?
5
Calculate the remainder when 34068 is divided by 289.
255
Calculate the remainder when 15656 is divided by 29.
25
What is the remainder when 20279 is divided by 2463?
575
What is the remainder when 368043 is divided by 5936?
11
Calculate the remainder when 4102 is divided by 2039.
24
What is the remainder when 650236 is divided by 174?
172
Calculate the remainder when 4664 is divided by 777.
2
What is the remainder when 44591 is divided by 446?
437
What is the remainder when 233693 is divided by 651?
635
What is the remainder when 25969 is divided by 89?
70
What is the remainder when 23921 is divided by 5974?
25
Calculate the remainder when 6415 is divided by 170.
125
What is the remainder when 473 is divided by 234?
5
What is the remainder when 70730 is divided by 108?
98
Calculate the remainder when 18886 is divided by 6.
4
Calculate the remainder when 3867 is divided by 770.
17
What is the remainder when 851695 is divided by 141947?
13
What is the remainder when 108780 is divided by 1554?
0
Calculate the remainder when 120958 is divided by 72.
70
What is the remainder when 3474 is divided by 208?
146
What is the remainder when 163487 is divided by 7108?
3
What is the remainder when 14680 is divided by 179?
2
Calculate the remainder when 244346 is divided by 37.
35
Calculate the remainder when 63462 is divided by 31720.
22
What is the remainder when 4009 is divided by 290?
239
What is the remainder when 27151 is divided by 1776?
511
What is the remainder when 79498 is divided by 1103?
82
Calculate the remainder when 8785 is divided by 1538.
1095
What is the remainder when 3835 is divided by 43?
8
Calculate the remainder when 252827 is divided by 18.
17
Calculate the remainder when 669337 is divided by 362.
361
Calculate the remainder when 81420 is divided by 768.
12
What is the remainder when 32129 is divided by 6?
5
Calculate the remainder when 20406 is divided by 6569.
699
What is the remainder when 55089 is divided by 619?
617
Calculate the remainder when 4745 is divided by 250.
2